{"id":107,"date":"2022-08-16T11:57:19","date_gmt":"2022-08-16T08:57:19","guid":{"rendered":"https:\/\/togopm.com\/?page_id=107"},"modified":"2022-08-24T12:40:49","modified_gmt":"2022-08-24T09:40:49","slug":"insaat-yonetimi","status":"publish","type":"page","link":"https:\/\/togopm.com\/index.php\/insaat-yonetimi\/","title":{"rendered":"\u0130n\u015faat Y\u00f6netimi"},"content":{"rendered":"","protected":false},"excerpt":{"rendered":"","protected":false},"author":1,"featured_media":0,"parent":0,"menu_order":0,"comment_status":"closed","ping_status":"closed","template":"","meta":{"footnotes":""},"class_list":["post-107","page","type-page","status-publish","hentry"],"_links":{"self":[{"href":"https:\/\/togopm.com\/index.php\/wp-json\/wp\/v2\/pages\/107","targetHints":{"allow":["GET"]}}],"collection":[{"href":"https:\/\/togopm.com\/index.php\/wp-json\/wp\/v2\/pages"}],"about":[{"href":"https:\/\/togopm.com\/index.php\/wp-json\/wp\/v2\/types\/page"}],"author":[{"embeddable":true,"href":"https:\/\/togopm.com\/index.php\/wp-json\/wp\/v2\/users\/1"}],"replies":[{"embeddable":true,"href":"https:\/\/togopm.com\/index.php\/wp-json\/wp\/v2\/comments?post=107"}],"version-history":[{"count":5,"href":"https:\/\/togopm.com\/index.php\/wp-json\/wp\/v2\/pages\/107\/revisions"}],"predecessor-version":[{"id":155,"href":"https:\/\/togopm.com\/index.php\/wp-json\/wp\/v2\/pages\/107\/revisions\/155"}],"wp:attachment":[{"href":"https:\/\/togopm.com\/index.php\/wp-json\/wp\/v2\/media?parent=107"}],"curies":[{"name":"wp","href":"https:\/\/api.w.org\/{rel}","templated":true}]}}